f 14809272?
4
What is the tens digit of 8270070?
7
What is the ten thousands digit of 185714?
8
What is the hundreds digit of 40137?
1
What is the ten thousands digit of 151970?
5
What is the hundred thousands digit of 30452312?
4
What is the hundred thousands digit of 8253919?
2
What is the tens digit of 6728085?
8
What is the units digit of 1038377?
7
What is the ten thousands digit of 711014?
1
What is the thousands digit of 35653?
5
What is the ten thousands digit of 156136?
5
What is the tens digit of 21464616?
1
What is the millions digit of 5645515?
5
What is the hundreds digit of 170668?
6
What is the hundreds digit of 316757?
7
What is the thousands digit of 600057?
0
What is the hundred thousands digit of 196560?
1
What is the hundreds digit of 349719?
7
What is the millions digit of 8166867?
8
What is the ten millions digit of 16601567?
1
What is the tens digit of 4971309?
0
What is the hundred thousands digit of 3794333?
7
What is the hundreds digit of 48268?
2
What is the units digit of 77040?
0
What is the hundred thousands digit of 5171139?
1
What is the hundred thousands digit of 363908?
3
What is the hundred thousands digit of 3749995?
7
What is the tens digit of 124239?
3
What is the units digit of 9468?
8
What is the tens digit of 1440956?
5
What is the hundreds digit of 240897?
8
What is the millions digit of 1151431?
1
What is the millions digit of 5117578?
5
What is the thousands digit of 57722?
7
What is the tens digit of 153083?
8
What is the ten thousands digit of 15829571?
2
What is the tens digit of 4953791?
9
What is the thousands digit of 2067583?
7
What is the units digit of 933970?
0
What is the units digit of 823265?
5
What is the tens digit of 538228?
2
What is the hundreds digit of 344189?
1
What is the hundred thousands digit of 368321?
3
What is the hundred thousands digit of 18385589?
3
What is the hundreds digit of 160470?
4
What is the units digit of 494503?
3
What is the hundred thousands digit of 559923?
5
What is the tens digit of 152021?
2
What is the ten thousands digit of 2322136?
2
What is the units digit of 37892?
2
What is the units digit of 933085?
5
What is the units digit of 1070169?
9
What is the ten thousands digit of 353944?
5
What is the hundred thousands digit of 893926?
8
What is the tens digit of 1120298?
9
What is the tens digit of 329882?
8
What is the thousands digit of 88901?
8
What is the hundred thousands digit of 7279420?
2
What is the tens digit of 3104005?
0
What is the ten thousands digit of 188231?
8
What is the ten thousands digit of 6978229?
7
What is the thousands digit of 709117?
9
What is the units digit of 549728?
8
What is the millions digit of 2973700?
2
What is the ten thousands digit of 129018?
2
What is the hundred thousands digit of 6067109?
0
What is the ten thousands digit of 5189836?
8
What is the tens digit of 473399?
9
What is the ten thousands digit of 95053?
9
What is the hundreds digit of 337525?
5
What is the ten thousands digit of 8628959?
2
What is the hundreds digit of 8437988?
9
What is the tens digit of 89560?
6
What is the tens digit of 401544?
4
What is the hundred thousands digit of 360088?
3
What is the tens digit of 14236?
3
What is the units digit of 314407?
7
What is the thousands digit of 36972?
6
What is the ten thousands digit of 1508458?
0
What is the thousands digit of 737197?
7
What is the tens digit of 431385?
8
What is the hundred thousands digit of 7829016?
8
What is the tens digit of 154183?
8
What is the tens digit of 107554?
5
What is the units digit of 677597?
7
What is the hundred thousands digit of 254976?
2
What is the millions digit of 4491564?
4
What is the units digit of 16398?
8
What is the tens digit of 50624?
2
What is the units digit of 2425883?
3
What is the ten thousands digit of 107437?
0
What is the millions digit of 17674815?
7
What is the units digit of 13255956?
6
What is the hundreds digit of 10464766?
7
What is the ten thousands digit of 10483082?
8
What is the units digit of 4868958?
8
What is the hundred thousands digit of 1627837?
6
What is the hundred thousands digit of 2420142?
4
What is the thousands digit of 32102748?
2
What is the thousands digit of 16150185?
0
What is the ten millions digit of 29765026?
2
What is the units digit of 11592730?
0
What is the hundred thousands digit of 799191?
7
What is the units digit of 253464?
4
What is the tens digit of 1490402?
0
What is the units digit of 37958?
8
What is the tens digit of 120008?
0
What is the hundred thousands digit of 1953657?
9
What is the millions digit of 12917031?
2
What is the hundreds digit of 94011?
0
What is the hundreds digit of 460379?
3
What is the millions digit of 7488393?
7
What is the tens digit of 2412288?
8
What is the thousands digit of 3666092?
6
What is the millions digit of 1448407?
1
What is the hundreds digit of 1740810?
8
What is the thousands digit of 90519?
0
What is the thousands digit of 8776538?
6
What is the hundreds digit of 665394?
3
What is the ten thousands digit of 7995880?
9
What is the tens digit of 203069?
6
What is the hundred thousands digit of 231465?
2
What is the hundred thousands digit of 571997?
5
What is the thousands digit of 1052298?
2
What is the tens digit of 82011?
1
What is the thousands digit of 6358023?
8
What is the units digit of 2813428?
8
What is the tens digit of 1825488?
8
What is the hundred thousands digit of 2301913?
3
What is the thousands digit of 15773?
5
What is the tens digit of 527245?
4
What is the hundreds digit of 686234?
2
What is the thousands digit of 233249?
3
What is the thousands digit of 179726?
9
What is the hundred thousands digit of 471488?
4
What is the hundred thousands digit of 188776?
1
What is the hundreds digit of 1467227?
2
What is the hundreds digit of 165818?
8
What is the hundred thousands digit of 4712977?
7
What is the hundreds digit of 208588?
5
What is the units digit of 74901?
1
What is the hundreds digit of 67409?
4
What is the millions digit of 1587046?
1
What is the thousands digit of 7623832?
3
What is the millions digit of 7118328?
7
What is the thousands digit of 1981243?
1
What is the hundreds digit of 350791?
7
What is the hundreds digit of 20244336?
3
What is the hundred thousands digit of 6384496?
3
What is the units digit of 632315?
5
What is the tens digit of 222398?
9
What is the thousands digit of 193712?
3
What is the hundreds digit of 172105?
1
What is the thousands digit of 8960033?
0
What is the hundreds digit of 5037115?
1
What is the hundred thousands digit of 117731?
1
What is the thousands digit of 619734?
9
What is the hundred thousands digit of 222619?
2
What is the units digit of 6727818?
8
What is the units digit of 4718557?
7
What is the hundred thousands digit of 120626?
1
What is the thousands digit of 20350422?
0
What is the hundred thousands digit of 5593878?
5
What is the units digit of 379790?
0
What is the ten thousands digit of 3981231?
8
What is the hundred thousands digit of 801864?
8
What is the thousands digit of 313707?
3
What is the tens digit of 4235989?
8
What is the hundreds digit of 2502652?
6
What is the tens digit of 1070625?
2
What is the units digit of 940710?
0
What is the millions digit of 16241645?
6
What is the ten thousands digit of 162684?
6
What is the hundreds digit of 2189062?
0
What is the tens digit of 5107088?
8
What is the tens digit of 393350?
5
What is the units digit of 724845?
5
What is the hundred thousands digit of 273176?
2
What is the tens digit of 7959?
5
What is the hundreds digit of 245764?
7
What is the tens digit of 2879179?
7
What is the ten thousands digit of 4140537?
4
What is the hundred thousands digit of 225656?
2
What is the tens digit of 703946?
4
What is the ten thousands digit of 179639?
7
What is the thousands digit of 20913874?
3
What is the thousands digit of 1641562?
1
What is the ten thousands digit of 209166?
0
What is the thousands digit of 11386486?
6
What is the thousands digit of 47075?
7
What is the hundreds digit of 748337?
3
What is the thousands digit of 36284?
6
What is the hundreds digit of 2265668?
6
What is the ten thousands digit of 4217940?
1
What is the ten thousands digit of 158036?
5
What is the tens digit of 972707?
0
What is the hundred tho